+ (2 - 3) + -5 - -3
-2
What is 5 + -4 - 1 - 0?
0
Evaluate 0 + (-5 - -6) + 2.
3
Evaluate -2 - (-2 - 2 - -9).
-7
Evaluate -4 + 6 + (3 - 5).
0
What is the value of 2 - 0 - (-4 + 10) - -3?
-1
Calculate -2 + (0 - 3) - (11 - 11).
-5
Evaluate (48 - 39) + (-1 - 0) - 8.
0
Calculate -11 + 11 + (0 - 3).
-3
What is the value of 2 - -5 - (3 + -7)?
11
-2 - -9 - (9 - (6 - 1))
3
Calculate 0 - (-4 + (-3 - -1)).
6
Calculate -5 - (3 + -4 - -1).
-5
What is 5 - (2 - (0 - -6)) - 4?
5
-4 + 3 + (-10 - -14)
3
What is 4 + (-6 - 1) - (1 + 0)?
-4
(3 - (3 - -3)) + 3
0
What is the value of 4 + (1 - (3 - 3))?
5
What is the value of 7 - 4 - ((1 - 3) + 0)?
5
Calculate -91 - -89 - (0 + -3).
1
What is the value of 1 + (0 - 2 - -5)?
4
2 + 6 + 8 + -14
2
What is 0 - (30 + -34 + -3 + 1)?
6
Evaluate 8 + -13 + 2 + -2.
-5
Calculate -11 + 7 - (0 + -1) - -4.
1
What is the value of -1 + (-5 - -10 - -1)?
5
What is the value of 5 + (-10 - -10) - 7?
-2
What is the value of -1 + -6 + 16 + -5?
4
Calculate (-1 - -6) + -10 + (13 - 5).
3
Calculate -16 + 3 + 17 + (1 - 10).
-5
What is 21 - 6 - 8 - 10?
-3
What is the value of 2 + 2 + 3 + -9?
-2
What is the value of (5 + -3 - 9) + (-1 - -3)?
-5
What is the value of (-12 - -16 - 2) + 6 + -2?
6
What is the value of -11 + -4 + 11 - -12?
8
What is (19 - 14) + (-3 - (1 + 0))?
1
What is the value of 9 + -8 + 7 + 0?
8
What is 6 - 0 - (21 - 8)?
-7
What is the value of -2 - 4 - (-3 + 3 - 2)?
-4
Calculate -8 - -1 - (-16 - -14) - 0.
-5
Evaluate -7 + (-3 - ((-9 - 0) + 2)).
-3
What is (3 + -4 - 1) + -1 + -1?
-4
What is -8 - -3 - 3 - (69 + -67)?
-10
What is -4 + (2 - 4) + 2?
-4
-1 + 3 + (-3 - -5)
4
Evaluate 2 - (8 - -5 - 6).
-5
9 + (-13 - (8 + -9))
-3
Calculate 11 + -1 + 0 - 4.
6
Calculate 1 + -1 + (-2 - (4 - 4)).
-2
What is 7 - (-1 + 0 + 0) - 4?
4
What is -1 - (0 + 4 + -6)?
1
Calculate -2 - (8 - 4) - (0 - 1).
-5
Evaluate -16 - -24 - (0 + 4).
4
What is the value of (8 - (-1 - (1 + -6))) + -6?
-2
10 + -4 + -3 + -2
1
What is 5 - 2 - 1 - 4?
-2
What is -5 - (3 + (-14 - 1)) - 3?
4
(3 - 0) + -1 + -3 + 5
4
Evaluate (-3 + 6 + -6 - 3) + 4.
-2
-9 + 9 + -4 + 2 + -6
-8
What is the value of 3 - (1 - 0 - -2)?
0
What is the value of 4 - (-2 + (-12 - -14))?
4
Calculate 3 + (-2 - 2) + 0.
-1
Evaluate 3 + 3 - (9 - 4).
1
4 + -10 - (5 + -15 + 5)
-1
Evaluate 2 - 10 - (0 + (-5 - -1)).
-4
2 + -5 + 9 + -5
1
What is the value of 0 + -3 - (-4 + 3 - 2)?
0
What is 1 + -6 - (0 - 6)?
1
What is the value of -8 - -4 - (-6 + 2)?
0
Calculate 7 + (-2 - 9) + -5.
-9
(3 + 2 - -3) + -11
-3
What is the value of -14 + 16 + -14 + 9?
-3
Evaluate (0 - 0) + 11 + -2 + -8.
1
4 + 5 + (3 - 8) + -1
3
-1 + -2 + -5 + 10 + -6
-4
What is the value of 4 - 15 - (0 - 5 - -3)?
-9
What is -4 + 10 + -6 + -8?
-8
Calculate 4 - (3 - -2 - (9 - 12)).
-4
-37 + 36 + -1 + -3
-5
Calculate -6 + 2 + -2 - (5 - 3).
-8
What is -1 + 5 + -1 + 3 + -1?
5
(0 - 0) + -14 + 11
-3
What is the value of -4 - (-7 + (-5 - -2))?
6
What is -4 + 1 - (12 - 15) - 3?
-3
What is the value of -3 + 0 + 7 - -2?
6
Calculate -152 + 166 - (11 - 0).
3
Evaluate 10 + -2 + -17 + 0.
-9
Calculate -2 - 0 - 1 - (2 + 0).
-5
What is -73 + 89 + (2 - 12)?
6
Evaluate 1 + (8 + -7 - 3) - -2.
1
What is 12 + -2 - 14 - (-4 - -1)?
-1
-6 + 3 - 4 - (-9 - -7)
-5
What is (8 - (2 + -3)) + 4 + -6?
7
What is the value of -2 + 6 - (-4 - -2)?
6
-7 + (-2 - -1) + 2
-6
Calculate (2 - (3 + (2 - 3))) + 3.
3
What is the value of 61 + -49 + -15 + 3?
0
What is the value of (2 - -3) + -5 + 4 + -2?
2
-6 + (-6 - -12) + -9 + 5
-4
What is the value of 12 + 8 + -14 - 4?
2
What is (-3 - (-3 + -1)) + 0?
1
What is 1 - (2 + (0 + 2 - 0))?
-3
Evaluate 0 + (-1 - (-2 + 3 + 1)).
-3
What is -9 + 2 + 1 + 8 + -7?
-5
Evaluate 1 - (0 + 6 + -6 + 0).
1
Calculate (-2 - -5) + (1 - 7).
-3
What is 0 - (1 - (1 - -2))?
2
What is the value of -3 - (3 + -6 + 3 - 6)?
3
What is the value of (-33 - -31) + -3 + 0?
-5
What is the value of -1 + -3 + 2 + 2 - -4?
4
Calculate (-15 - -17) + (-4 - 0).
-2
Calculate 2 + -3 + (-7 - -3).
-5
Evaluate -1 - (0 + -1 + 1 + -2).
1
Evaluate (-15 - -21) + (-3 - 1).
2
0 + 2 - (4 - -7)
-9
(1 - (3 - 10)) + -5
3
Evaluate 4 - (4 - -3) - (0 - 0).
-3
Calculate 0 - (0 + (-3 - -5) + 2).
-4
6 + 2 - -1 - (5 + -1)
5
-4 - (0 - (0 - -7))
3
Calculate (4 - 2) + 1 + (-7 - 0).
-4
1 + -1 + 3 + (5 - 5)
3
Evaluate (7 + (-8 - -3) - 0) + 2.
4
(-12 - 1 - (0 - 5)) + -3
-11
What is the value of (-7 - -7 - (1 - 1)) + -4?
-4
Evaluate 1 + 3 - (6 - 6).
4
Evaluate 3 + (2 - (4 + -1 + -3)).
5
Calculate -9 - (1 - 23 - -12).
1
1 + (2 - (2 - 4))
5
Evaluate -2 - ((1 - 3 - 1) + 3).
-2
What is -3 - (-3 - -2 - 2) - 3?
-3
Calculate 0 - -13 - (53 + -42).
2
What is the value of 9 + -12 - (15 - 12)?
-6
What is the value of 2 + 5 + (-9 - 0) + 1?
-1
What is (8 - 6 - -2) + (1 - 0)?
5
What is the value of -4 + 5 + (-12 - 0) + 8?
-3
Evaluate 5 - (10 - (0 - (6 - 4))).
-7
(-3 - -10 - 7) + 3
3
Calculate (2 - 7 - -3) + -3 + -1.
-6
Evaluate -10 + 10 + (-9 - -4).
-5
What is -6 - -13 - ((1 - 0) + 1)?
5
Calculate (1 + -2 - 2) + (5 - 3).
-1
1 + 1 + (-8 - -16) - 1
9
Evaluate 1 - ((2 + -7 - -5) + -1).
2
Calculate (-64 - -57) + 12 + 0.
5
Calculate 1 + 1 - (-7 + (5 - -1)).
3
What is the value of (3 - 1) + (1 - -7 - 7)?
3
Calculate (-15 - 2) + (-2 - 0) + 10.
-9
Evaluate -18 - (-21 - (-28 - -15)).
-10
What is the value of -2 - (3 - 3) - 1?
-3
Calculate (-5 - (-8 + -2)) + (0 - 10).
-5
Evaluate -5 - (-4 - (9 - 3)).
5
Calculate -4 - (5 + (-6 - -2)).
-5
What is -2 - 3 - (-3 - 1)?
-1
What is the value of -15 - -8 - -13 - 8?
-2
Evaluate (8 - 2) + 0 + -1.
5
0 + 2 + -1 + -5 + 2
-2
What is the value of -2 + (-3 - (-4 - 0))?
-1
Calculate 0 + (1 - 6 - -3) + 7.
5
What is -3 - (-5 + 6 - 5)?
1
What is -24 - (-11 - 0) - -6?
-7
Evaluate (39 - 39) + 0 + -7.
-7
Evaluate -24 + 16 - -10 - (2 - -2).
-2
9 + -9 + -1 + 1
0
Evaluate 4 - (1 - (1 + (-3 - -3))).
4
What is the value of 13 + -6 + -5 + (0 - -3)?
5
What is 8 + 1 + 1 + -2 + -4?
4
What is (-3 + 3 + -2 - -10) + -3?
5
Evaluate -5 - (3 - 1 - (-1 + 2)).
-6
1 - -9 - (2 - (-10 + 7))
5
What is the value of 0 - -8 - (10 + -1)?
-1
Calculate 1 + 5 + 22 + -22.
6
What is -12 + (11 - 1) + 10?
8
(3 - -8) + (-5 - 3)
3
0 - (-6 - (-9 - -6))
3
-5 - (-5 + 15 + -9)
-6
(-14 - (-8 - -2)) + 14
6
Evaluate 2 - -1 - (-56 - -61).
-2
What is the value of -51 - -58 - (2 - -1)?
4
(-2 - -4 - -3) + -10
-5
11 + -14 - (-11 - -1)
7
What is the value of 17 - 10 - ((-1 - -8) + 1)?
-1
What is 2 + (-2 - 3) + -1?
-4
What is the value of 1 + (1 + 3 + -5 - 1)?
-1
What is the value of -4 - (-3 + 4 + -3 + 3)?
-5
Calculate 12 - (3 + 6 + 0 + -3).
6
What is the value of -26 - -15 - (-1 + -15)?
5
What is -3 - (-12 + (5 - -1))?
3
Calculate -3 + -1 + 7 - (-1 + 0).
4
Calculate 13 + 0 + -8 + 0.
5
Evaluate -4 + 0 + (0 - -2).
-2
What is 3 + (-2 - -3 - 15) - -5?
-6
1 + 4 - (3 - 3)
5
What is 0 - (3 - (-2 + 1))?
-4
Evaluate -3 - ((-2 - 5) + 8).
-4
Calculate 2 - (-1 - (1 - 3)).
1
-5 - (6 + -25 + -1) - 7
8
(-48 - -44) + -3 + 1
-6
What is the value of (6 - -2) + (10 - 37) + 13?
-6
Calculate (1 + -3 - 2) + -1.
-5
Evaluate 39 + -40 - (-3 + -1).
3
0 + (0 - 1) + -2 - -4
1
Evaluate -3 - (7 + -1 - 12).
3
Evaluate -2 + (5 - (3 - 3)) + 4.
7
5 - (-4 - (-1 + -6))
2
3 - 8 - (0 + 0) - -6
1
What is (13 - 2) + 7 + -10 - 2?
6
What is the value of 9 + -10 + 7 - 2?
4
Calculate 2 + 0 - (7 + (-14 - -5)).
4
What is -4 - -1 - (-3 + -3)?
3
What is the value of -1 - (3 + 2 - 4)?
-2
Evaluate -2 + 3 + -1 + (-1 - -5).
4
What is 4 + (-2 - 2) + 1?
1
What is (-6 - 1) + 5 + (-2 - 0)?
-4
What is (5 - 10) + 10 - 1?
4
0 + 3 + -4 + (4 - 4)
-1
What is 1 - (-4 + 5 - 1)?
1
Calculate (-2 - -2) + -7 + 13.
6
Calculate -6 + (-6 - -1 - (-2 - 4)).
-5
(-14 - -9) + (-14 - -11)
-8
What is the value of -6 + (7 - (1 + (-8 - -5)))?
3
Calculate -1 + 3 + -2 + (-3 - -7).
4
Evaluate -9 + (5 - 0 - 2) - -4.
-2
Calculate (1 + -2 - -2 - -1) + 0.
2
Calculate (-5 - -3) + -1 + 6.
3
What is (3 - 4) + (-5 - -3 - -2)?
-1
What is 2 - 1 - (7 - 12)?
6
Calculate -1 + -1 + -1 - (-3 - -5).
-5
(-1 - 0) + 6 + -4 + 3
4
What is 1 - (3 + -5 + 1) - 7?
-5
Evaluate (-7 - -1) + 0 + 0 + 1.
-5
Evaluate 10 + (-4 - -10) + -10.
6
What is the value of (17 - 16) + (0 - 1)?
0
-7 + 3 - (-9 + 7)
-2
Evaluate 5 + -10 - -5 - -1.
1
(7 - -1 - 8) + -4
-4
Evaluate 6 + (-12 - -6) + (3 - -3).
6
What is the value of -3 + 6 - (-3 - -1)?
5
What is (1 - 0 - -3) + 239 + -239?
4
What